{"id":58,"date":"2014-02-25T10:12:30","date_gmt":"2014-02-25T09:12:30","guid":{"rendered":"http:\/\/sp3.tuchola.pl\/wordpress\/?page_id=58"},"modified":"2019-12-02T10:13:02","modified_gmt":"2019-12-02T09:13:02","slug":"historia-szkoly","status":"publish","type":"page","link":"http:\/\/sp3.tuchola.pl\/wordpress\/?page_id=58","title":{"rendered":"Historia szko\u0142y"},"content":{"rendered":"<p>Historia naszej szko\u0142y rozpoczyna si\u0119 w roku 1969, kiedy to na terenie przyleg\u0142ym do targowiska miejskiego, w\u0142adze miejskie i pa\u0144stwowe dokona\u0142y wmurowania aktu erekcyjnego pod now\u0105 szko\u0142\u0119 podstawow\u0105. W uroczysto\u015bci uczestniczyli r\u00f3wnie\u017c nauczyciele i uczniowie z tucholskich szk\u00f3\u0142. Prace budowlane trwa\u0142y w latach 1969 \u2013 1971. Otwarcie nowej szko\u0142y nast\u0105pi\u0142o 21 lipca 1971 roku. Pierwszym dyrektorem zosta\u0142&nbsp; Jerzy \u017burawka. Rok szkolny 1971\/72 powita\u0142o 288 uczni\u00f3w i 20 nauczycieli. Uroczysto\u015b\u0107 nadania Szkole Podstawowej nr 3 imienia Miko\u0142aja Kopernika odby\u0142a si\u0119 12 czerwca 1973 roku. W tym dniu nast\u0105pi\u0142o r\u00f3wnie\u017c ods\u0142oni\u0119cie tablicy pami\u0105tkowej, kt\u00f3r\u0105 do dzisiaj mo\u017cna ogl\u0105da\u0107 na szkolnym korytarzu. W roku 1974 dyrektor \u017burawka odchodzi na emerytur\u0119, a jego miejsce zajmuje Franciszek Janikowski. W listopadzie 1976 roku powstaje zesp\u00f3\u0142 M\u0142odzi Borowiacy, kt\u00f3rego prowadzenia podj\u0119\u0142y si\u0119 Maria Ollick i Lidia Grzelak. Pierwszy wyst\u0119p zespo\u0142u odby\u0142 si\u0119 19 lutego 1977 r. &#8211; w rocznic\u0119 urodzin patrona szko\u0142y. W roku 1980 nast\u0119puje zmiana na stanowisku dyrektora szko\u0142y. Zostaje nim Janina Tesmer, kt\u00f3ra pe\u0142ni t\u0119 funkcj\u0119 do roku 1984. Po jej przej\u015bciu na emerytur\u0119 stanowisko dyrektora obejmuje Krystyna Karnowska. W marcu 1987 roku, dzi\u0119ki staraniom nauczyciela fizyki \u2013 Witolda Sini\u0142y, nast\u0119puje otwarcie pracowni komputerowe &#8211; pierwszej w tucholskich szko\u0142ach podstawowych. W czerwcu 1990 roku, podczas uroczysto\u015bci z okazji zako\u0144czenia roku szkolnego, po raz pierwszy w historii szko\u0142y przyznano wyr\u00f3\u017cniaj\u0105cym si\u0119 uczniom Nagrod\u0119 im. M. Kopernika. 28 maja 1994 r, z inicjatywy wicedyrektora \u2013 Ewy K\u0142osowskiej, szko\u0142a organizuje Pierwszy Festyn Wiosenny. Impreza odnosi du\u017cy sukces i jest z powodzeniem kontynuowana przez wiele kolejnych lat. Do og\u00f3lnopolskiej Sieci Szk\u00f3\u0142 Promuj\u0105cych Zdrowie szko\u0142a przyst\u0119puje w roku 1996. Dwa lata p\u00f3\u017aniej, roku 1998 na emerytur\u0119 odchodzi wieloletni dyrektor \u2013 Krystyna Karnowska. Jej stanowisko zajmuje Ewa K\u0142osowska, a wicedyrektorem zostaje Donata \u015awierczy\u0144ska. W roku 1999 uczniowie klas VI po raz pierwszy pisz\u0105 test kompetencji.&nbsp; 20 maja 2000 r, podczas VII Festynu Wiosennego \u201e\u017byj kolorowo!\u201d, reaktywowani M\u0142odzi Borowiacy dali sw\u00f3j pierwszy wyst\u0119p. I Mi\u0119dzyszkolny Festiwal Piosenki Ekologicznej zorganizowany przez Donat\u0119 \u015awierczy\u0144sk\u0105 odby\u0142 si\u0119 18 listopada 2000 r.&nbsp; W roku 2001 oficjalnie otwarto pracowni\u0119 komputerow\u0105, b\u0119d\u0105c\u0105 darem prezydenta RP Aleksandra Kwa\u015bniewskiego. Od stycznia 2001 roku, z inicjatywy nauczyciela &#8211; bibliotekarza El\u017cbiety Zieli\u0144skiej w szkole organizowana jest cykliczna impreza kulturalna \u201eCzwartek z Kultur\u0105\u201d.<\/p>\n","protected":false},"excerpt":{"rendered":"<p>Historia naszej szko\u0142y rozpoczyna si\u0119 w roku 1969, kiedy to na terenie przyleg\u0142ym do targowiska miejskiego, w\u0142adze miejskie i pa\u0144stwowe dokona\u0142y wmurowania aktu erekcyjnego pod now\u0105 szko\u0142\u0119 podstawow\u0105. W uroczysto\u015bci uczestniczyli r\u00f3wnie\u017c nauczyciele i uczniowie z tucholskich szk\u00f3\u0142. Prace budowlane trwa\u0142y w latach 1969 \u2013 1971. Otwarcie nowej szko\u0142y nast\u0105pi\u0142o 21 lipca 1971 roku. Pierwszym [&hellip;]<\/p>\n","protected":false},"author":1,"featured_media":0,"parent":2,"menu_order":6,"comment_status":"closed","ping_status":"open","template":"","meta":[],"_links":{"self":[{"href":"http:\/\/sp3.tuchola.pl\/wordpress\/index.php?rest_route=\/wp\/v2\/pages\/58"}],"collection":[{"href":"http:\/\/sp3.tuchola.pl\/wordpress\/index.php?rest_route=\/wp\/v2\/pages"}],"about":[{"href":"http:\/\/sp3.tuchola.pl\/wordpress\/index.php?rest_route=\/wp\/v2\/types\/page"}],"author":[{"embeddable":true,"href":"http:\/\/sp3.tuchola.pl\/wordpress\/index.php?rest_route=\/wp\/v2\/users\/1"}],"replies":[{"embeddable":true,"href":"http:\/\/sp3.tuchola.pl\/wordpress\/index.php?rest_route=%2Fwp%2Fv2%2Fcomments&post=58"}],"version-history":[{"count":2,"href":"http:\/\/sp3.tuchola.pl\/wordpress\/index.php?rest_route=\/wp\/v2\/pages\/58\/revisions"}],"predecessor-version":[{"id":8169,"href":"http:\/\/sp3.tuchola.pl\/wordpress\/index.php?rest_route=\/wp\/v2\/pages\/58\/revisions\/8169"}],"up":[{"embeddable":true,"href":"http:\/\/sp3.tuchola.pl\/wordpress\/index.php?rest_route=\/wp\/v2\/pages\/2"}],"wp:attachment":[{"href":"http:\/\/sp3.tuchola.pl\/wordpress\/index.php?rest_route=%2Fwp%2Fv2%2Fmedia&parent=58"}],"curies":[{"name":"wp","href":"https:\/\/api.w.org\/{rel}","templated":true}]}}